{"id":43,"date":"2023-05-17T11:02:57","date_gmt":"2023-05-17T11:02:57","guid":{"rendered":"https:\/\/themeholy.com\/wordpress\/dride\/?page_id=43"},"modified":"2026-03-01T11:17:53","modified_gmt":"2026-03-01T10:17:53","slug":"home-driving-school","status":"publish","type":"page","link":"https:\/\/www.autoszkolalider.pl\/","title":{"rendered":"Lider"},"content":{"rendered":"\t\t<div data-elementor-type=\"wp-page\" data-elementor-id=\"43\" class=\"elementor elementor-43\">\n\t\t\t\t<div class=\"elementor-element elementor-element-c6616b3 e-con-full e-flex e-con e-parent\" data-id=\"c6616b3\" data-element_type=\"container\">\n\t\t\t\t<div class=\"elementor-element elementor-element-d1fe5b8 elementor-widget__width-inherit elementor-widget elementor-widget-video\" data-id=\"d1fe5b8\" data-element_type=\"widget\" data-settings=\"{&quot;video_type&quot;:&quot;hosted&quot;,&quot;autoplay&quot;:&quot;yes&quot;,&quot;mute&quot;:&quot;yes&quot;}\" data-widget_type=\"video.default\">\n\t\t\t\t<div class=\"elementor-widget-container\">\n\t\t\t\t\t\t\t<div class=\"e-hosted-video elementor-wrapper elementor-open-inline\">\n\t\t\t\t\t<video class=\"elementor-video\" src=\"http:\/\/www.autoszkolalider.pl\/wp-content\/uploads\/2025\/01\/SchoolLider_3.mp4\" autoplay=\"\" muted=\"muted\"><\/video>\n\t\t\t\t<\/div>\n\t\t\t\t\t\t<\/div>\n\t\t\t\t<\/div>\n\t\t\t\t<div class=\"elementor-element elementor-element-578eb67 elementor-widget elementor-widget-image\" data-id=\"578eb67\" data-element_type=\"widget\" data-widget_type=\"image.default\">\n\t\t\t\t<div class=\"elementor-widget-container\">\n\t\t\t\t\t\t\t\t\t\t\t\t<figure class=\"wp-caption\">\n\t\t\t\t\t\t\t\t\t\t\t<a href=\"https:\/\/www.superprawojazdy.pl\/auto-szkola-lider-hanna-smolen-sabala,10243.htm\">\n\t\t\t\t\t\t\t<img decoding=\"async\" width=\"257\" height=\"66\" src=\"https:\/\/www.autoszkolalider.pl\/wp-content\/uploads\/2025\/02\/logoSP.png\" class=\"attachment-full size-full wp-image-3641\" alt=\"\" \/>\t\t\t\t\t\t\t\t<\/a>\n\t\t\t\t\t\t\t\t\t\t\t<figcaption class=\"widget-image-caption wp-caption-text\">Super Prawo Jazdy.pl<\/figcaption>\n\t\t\t\t\t\t\t\t\t\t<\/figure>\n\t\t\t\t\t\t\t\t\t<\/div>\n\t\t\t\t<\/div>\n\t\t\t\t<div class=\"elementor-element elementor-element-1996cbf elementor-widget elementor-widget-text-editor\" data-id=\"1996cbf\" data-element_type=\"widget\" data-widget_type=\"text-editor.default\">\n\t\t\t\t<div class=\"elementor-widget-container\">\n\t\t\t\t\t\t\t\t\t<h2><img decoding=\"async\" class=\"alignnone wp-image-4220\" style=\"font-size: 16px;\" src=\"https:\/\/www.autoszkolalider.pl\/wp-content\/uploads\/2025\/05\/Facebook_Logo_Primary-300x300.png\" alt=\"\" width=\"114\" height=\"114\" srcset=\"https:\/\/www.autoszkolalider.pl\/wp-content\/uploads\/2025\/05\/Facebook_Logo_Primary-300x300.png 300w, https:\/\/www.autoszkolalider.pl\/wp-content\/uploads\/2025\/05\/Facebook_Logo_Primary-1024x1024.png 1024w, https:\/\/www.autoszkolalider.pl\/wp-content\/uploads\/2025\/05\/Facebook_Logo_Primary-150x150.png 150w, https:\/\/www.autoszkolalider.pl\/wp-content\/uploads\/2025\/05\/Facebook_Logo_Primary-768x768.png 768w, https:\/\/www.autoszkolalider.pl\/wp-content\/uploads\/2025\/05\/Facebook_Logo_Primary-85x85.png 85w, https:\/\/www.autoszkolalider.pl\/wp-content\/uploads\/2025\/05\/Facebook_Logo_Primary-1536x1536.png 1536w, https:\/\/www.autoszkolalider.pl\/wp-content\/uploads\/2025\/05\/Facebook_Logo_Primary-2048x2048.png 2048w, https:\/\/www.autoszkolalider.pl\/wp-content\/uploads\/2025\/05\/Facebook_Logo_Primary-80x80.png 80w\" sizes=\"(max-width: 114px) 100vw, 114px\" \/> <a href=\"https:\/\/www.facebook.com\/autoszkolalider\/\">Odwied\u017a nas na Facebooku.<\/a><\/h2>\t\t\t\t\t\t\t\t<\/div>\n\t\t\t\t<\/div>\n\t\t<div class=\"elementor-element elementor-element-3ed1357 e-flex e-con-boxed e-con e-child\" data-id=\"3ed1357\" data-element_type=\"container\">\n\t\t\t\t\t<div class=\"e-con-inner\">\n\t\t<div class=\"elementor-element elementor-element-758100a e-con-full e-flex e-con e-child\" data-id=\"758100a\" data-element_type=\"container\">\n\t\t\t\t<div class=\"elementor-element elementor-element-8494d5f elementor-widget elementor-widget-heading\" data-id=\"8494d5f\" data-element_type=\"widget\" data-widget_type=\"heading.default\">\n\t\t\t\t<div class=\"elementor-widget-container\">\n\t\t\t\t\t<h2 class=\"elementor-heading-title elementor-size-default\"><a href=\"https:\/\/player.pl\/programy-online,2\/nauka-jazdy-odcinki,39817\/odcinek-1,S09E01,12366479\" target=\"_blank\">Kultowy serial \"Nauka jazdy\" z naszym udzia\u0142em w TVN Turbo<\/a><\/h2>\t\t\t\t<\/div>\n\t\t\t\t<\/div>\n\t\t\t\t<\/div>\n\t\t\t\t\t<\/div>\n\t\t\t\t<\/div>\n\t\t<div class=\"elementor-element elementor-element-fcb5626 e-flex e-con-boxed e-con e-child\" data-id=\"fcb5626\" data-element_type=\"container\">\n\t\t\t\t\t<div class=\"e-con-inner\">\n\t\t<div class=\"elementor-element elementor-element-2afde4a e-con-full e-flex e-con e-child\" data-id=\"2afde4a\" data-element_type=\"container\">\n\t\t\t\t<div class=\"elementor-element elementor-element-fcdb32a elementor-widget elementor-widget-video\" data-id=\"fcdb32a\" data-element_type=\"widget\" data-settings=\"{&quot;video_type&quot;:&quot;hosted&quot;,&quot;controls&quot;:&quot;yes&quot;}\" data-widget_type=\"video.default\">\n\t\t\t\t<div class=\"elementor-widget-container\">\n\t\t\t\t\t\t\t<div class=\"e-hosted-video elementor-wrapper elementor-open-inline\">\n\t\t\t\t\t<video class=\"elementor-video\" src=\"https:\/\/www.autoszkolalider.pl\/wp-content\/uploads\/2025\/10\/InShot_20251014_220454109.mp4\" controls=\"\" preload=\"metadata\" controlsList=\"nodownload\"><\/video>\n\t\t\t\t<\/div>\n\t\t\t\t\t\t<\/div>\n\t\t\t\t<\/div>\n\t\t\t\t<\/div>\n\t\t\t\t\t<\/div>\n\t\t\t\t<\/div>\n\t\t\t\t<\/div>\n\t\t<div class=\"elementor-element elementor-element-de49dd2 e-flex e-con-boxed e-con e-parent\" data-id=\"de49dd2\" data-element_type=\"container\">\n\t\t\t\t\t<div class=\"e-con-inner\">\n\t\t\t\t<div class=\"elementor-element elementor-element-0cee044 elementor-widget elementor-widget-image\" data-id=\"0cee044\" data-element_type=\"widget\" data-widget_type=\"image.default\">\n\t\t\t\t<div class=\"elementor-widget-container\">\n\t\t\t\t\t\t\t\t\t\t\t\t<figure class=\"wp-caption\">\n\t\t\t\t\t\t\t\t\t\t<img fetchpriority=\"high\" decoding=\"async\" width=\"853\" height=\"1280\" src=\"https:\/\/www.autoszkolalider.pl\/wp-content\/uploads\/2026\/02\/Prawo-jazdy-od-17.jpg\" class=\"attachment-2048x2048 size-2048x2048 wp-image-4398\" alt=\"\" srcset=\"https:\/\/www.autoszkolalider.pl\/wp-content\/uploads\/2026\/02\/Prawo-jazdy-od-17.jpg 853w, https:\/\/www.autoszkolalider.pl\/wp-content\/uploads\/2026\/02\/Prawo-jazdy-od-17-200x300.jpg 200w, https:\/\/www.autoszkolalider.pl\/wp-content\/uploads\/2026\/02\/Prawo-jazdy-od-17-682x1024.jpg 682w, https:\/\/www.autoszkolalider.pl\/wp-content\/uploads\/2026\/02\/Prawo-jazdy-od-17-768x1152.jpg 768w\" sizes=\"(max-width: 853px) 100vw, 853px\" \/>\t\t\t\t\t\t\t\t\t\t\t<figcaption class=\"widget-image-caption wp-caption-text\">Kurs na prawo jazdy od 17 lat ju\u017c od 3 marca<\/figcaption>\n\t\t\t\t\t\t\t\t\t\t<\/figure>\n\t\t\t\t\t\t\t\t\t<\/div>\n\t\t\t\t<\/div>\n\t\t\t\t<div class=\"elementor-element elementor-element-a73d963 elementor-widget elementor-widget-image\" data-id=\"a73d963\" data-element_type=\"widget\" data-widget_type=\"image.default\">\n\t\t\t\t<div class=\"elementor-widget-container\">\n\t\t\t\t\t\t\t\t\t\t\t\t\t\t\t<img loading=\"lazy\" decoding=\"async\" width=\"1536\" height=\"1024\" src=\"https:\/\/www.autoszkolalider.pl\/wp-content\/uploads\/2026\/02\/E35E9DE3-38B2-42FD-80C4-372F3AD2037C.png\" class=\"attachment-1536x1536 size-1536x1536 wp-image-4393\" alt=\"\" srcset=\"https:\/\/www.autoszkolalider.pl\/wp-content\/uploads\/2026\/02\/E35E9DE3-38B2-42FD-80C4-372F3AD2037C.png 1536w, https:\/\/www.autoszkolalider.pl\/wp-content\/uploads\/2026\/02\/E35E9DE3-38B2-42FD-80C4-372F3AD2037C-300x200.png 300w, https:\/\/www.autoszkolalider.pl\/wp-content\/uploads\/2026\/02\/E35E9DE3-38B2-42FD-80C4-372F3AD2037C-1024x683.png 1024w, https:\/\/www.autoszkolalider.pl\/wp-content\/uploads\/2026\/02\/E35E9DE3-38B2-42FD-80C4-372F3AD2037C-768x512.png 768w\" sizes=\"(max-width: 1536px) 100vw, 1536px\" \/>\t\t\t\t\t\t\t\t\t\t\t\t\t\t\t<\/div>\n\t\t\t\t<\/div>\n\t\t\t\t\t<\/div>\n\t\t\t\t<\/div>\n\t\t<div class=\"elementor-element elementor-element-a0da35a e-flex e-con-boxed e-con e-parent\" data-id=\"a0da35a\" data-element_type=\"container\">\n\t\t\t\t\t<div class=\"e-con-inner\">\n\t\t\t\t\t<\/div>\n\t\t\t\t<\/div>\n\t\t\t\t<section class=\"elementor-section elementor-top-section elementor-element elementor-element-c077a26 elementor-section-boxed elementor-section-height-default elementor-section-height-default\" data-id=\"c077a26\" data-element_type=\"section\" data-settings=\"{&quot;background_background&quot;:&quot;classic&quot;}\">\n\t\t\t\t\t\t<div class=\"elementor-container elementor-column-gap-default\">\n\t\t\t\t\t<div class=\"elementor-column elementor-col-100 elementor-top-column elementor-element elementor-element-617f554\" data-id=\"617f554\" data-element_type=\"column\">\n\t\t\t<div class=\"elementor-widget-wrap elementor-element-populated\">\n\t\t\t\t\t\t<div class=\"elementor-element elementor-element-cdd77ed elementor-widget elementor-widget-dridesectiontitle\" data-id=\"cdd77ed\" data-element_type=\"widget\" data-widget_type=\"dridesectiontitle.default\">\n\t\t\t\t<div class=\"elementor-widget-container\">\n\t\t\t\t\t<div class=\"title-area-wrap\"><div class=\"title-area\" ><h2 class=\"sec-title title-selector\">Wystarcz\u0105 cztery kroki<\/h2><\/div><\/div>\t\t\t\t<\/div>\n\t\t\t\t<\/div>\n\t\t\t\t<div class=\"elementor-element elementor-element-494dbb7 elementor-widget elementor-widget-drideworkprocess\" data-id=\"494dbb7\" data-element_type=\"widget\" data-widget_type=\"drideworkprocess.default\">\n\t\t\t\t<div class=\"elementor-widget-container\">\n\t\t\t\t\t<div class=\"process-card-wrap\"><div class=\"process-card\"><div class=\"process-card_icon\"><img decoding=\"async\" src=\"https:\/\/www.autoszkolalider.pl\/wp-content\/uploads\/2024\/12\/ikona-L.jpg\" alt=\"icon\"><\/div><div class=\"process-card_img\"><img decoding=\"async\" src=\"https:\/\/www.autoszkolalider.pl\/wp-content\/uploads\/2024\/12\/ikona-L.jpg\" alt=\"icon\"><\/div><div class=\"process-card_number\">01<\/div><h3 class=\"box-title\">Wybierz kurs<\/h3><p class=\"process-card_text\">Poziom kursu i twojego przygotowanie jest w twoich r\u0119kach. Ty wybierasz.<\/p><\/div><div class=\"process-card\"><div class=\"process-card_icon\"><img decoding=\"async\" src=\"https:\/\/www.autoszkolalider.pl\/wp-content\/uploads\/2024\/12\/ikona-L.jpg\" alt=\"icon\"><\/div><div class=\"process-card_img\"><img decoding=\"async\" src=\"https:\/\/www.autoszkolalider.pl\/wp-content\/uploads\/2024\/12\/ikona-L.jpg\" alt=\"icon\"><\/div><div class=\"process-card_number\">02<\/div><h3 class=\"box-title\">Skontaktuj si\u0119 z nami<\/h3><p class=\"process-card_text\">Zadzwo\u0144 lub napisz a dowiesz si\u0119 o wszystkim co b\u0119dzie Ci potrzebne.<\/p><\/div><div class=\"process-card\"><div class=\"process-card_icon\"><img decoding=\"async\" src=\"https:\/\/www.autoszkolalider.pl\/wp-content\/uploads\/2024\/12\/ikona-L.jpg\" alt=\"icon\"><\/div><div class=\"process-card_img\"><img decoding=\"async\" src=\"https:\/\/www.autoszkolalider.pl\/wp-content\/uploads\/2024\/12\/ikona-L.jpg\" alt=\"icon\"><\/div><div class=\"process-card_number\">03<\/div><h3 class=\"box-title\">Dokonaj p\u0142atno\u015bci<\/h3><p class=\"process-card_text\">Got\u00f3wka czy karta, ca\u0142o\u015b\u0107 lub ratami. Ty wybierasz.<\/p><\/div><div class=\"process-card\"><div class=\"process-card_icon\"><img decoding=\"async\" src=\"https:\/\/www.autoszkolalider.pl\/wp-content\/uploads\/2024\/12\/ikona-L.jpg\" alt=\"icon\"><\/div><div class=\"process-card_img\"><img decoding=\"async\" src=\"https:\/\/www.autoszkolalider.pl\/wp-content\/uploads\/2024\/12\/ikona-L.jpg\" alt=\"icon\"><\/div><div class=\"process-card_number\">04<\/div><h3 class=\"box-title\">Zacznij kurs<\/h3><p class=\"process-card_text\">Masz ju\u017c wszystko. No to w drog\u0119, zaczynaj swoj\u0105 przygod\u0119.<\/p><\/div><\/div>\t\t\t\t<\/div>\n\t\t\t\t<\/div>\n\t\t\t\t\t<\/div>\n\t\t<\/div>\n\t\t\t\t\t<\/div>\n\t\t<\/section>\n\t\t\t\t<section class=\"elementor-section elementor-top-section elementor-element elementor-element-3ccf447 elementor-section-full_width elementor-section-height-default elementor-section-height-default\" data-id=\"3ccf447\" data-element_type=\"section\" data-settings=\"{&quot;background_background&quot;:&quot;classic&quot;}\">\n\t\t\t\t\t\t<div class=\"elementor-container elementor-column-gap-no\">\n\t\t\t\t\t<div class=\"elementor-column elementor-col-100 elementor-top-column elementor-element elementor-element-98343af\" data-id=\"98343af\" data-element_type=\"column\">\n\t\t\t<div class=\"elementor-widget-wrap elementor-element-populated\">\n\t\t\t\t\t\t<div class=\"shape-mockup elementor-element elementor-element-41b1a22 elementor-widget elementor-widget-drideshapeimage\" data-id=\"41b1a22\" data-element_type=\"widget\" data-widget_type=\"drideshapeimage.default\">\n\t\t\t\t<div class=\"elementor-widget-container\">\n\t\t\t\t\t<!-- Image --><div class=\"shape-mockup   d-none d-xxl-block\" data-top=\"1%\" data-right=\"0.01%\"><img decoding=\"async\" src=\"https:\/\/themeholy.com\/wordpress\/dride\/wp-content\/uploads\/2023\/05\/earth_1.png\" alt=\"Auto Szko\u0142a Lider \u0141\u00f3d\u017a. Nauka jazdy w przyjaznej atmosferze\" ><\/div><!-- End Image -->\t\t\t\t<\/div>\n\t\t\t\t<\/div>\n\t\t\t\t<section class=\"elementor-section elementor-inner-section elementor-element elementor-element-c39f309 elementor-section-boxed elementor-section-height-default elementor-section-height-default\" data-id=\"c39f309\" data-element_type=\"section\">\n\t\t\t\t\t\t<div class=\"elementor-container elementor-column-gap-no\">\n\t\t\t\t\t<div class=\"elementor-column elementor-col-100 elementor-inner-column elementor-element elementor-element-1b31773\" data-id=\"1b31773\" data-element_type=\"column\">\n\t\t\t<div class=\"elementor-widget-wrap\">\n\t\t\t\t\t\t\t<\/div>\n\t\t<\/div>\n\t\t\t\t\t<\/div>\n\t\t<\/section>\n\t\t\t\t\t<\/div>\n\t\t<\/div>\n\t\t\t\t\t<\/div>\n\t\t<\/section>\n\t\t\t\t<section class=\"elementor-section elementor-top-section elementor-element elementor-element-c4108ea cta-sec1 style2 elementor-section-boxed elementor-section-height-default elementor-section-height-default\" data-id=\"c4108ea\" data-element_type=\"section\" data-settings=\"{&quot;background_background&quot;:&quot;classic&quot;}\">\n\t\t\t\t\t\t<div class=\"elementor-container elementor-column-gap-default\">\n\t\t\t\t\t<div class=\"elementor-column elementor-col-100 elementor-top-column elementor-element elementor-element-14e3e9e\" data-id=\"14e3e9e\" data-element_type=\"column\">\n\t\t\t<div class=\"elementor-widget-wrap elementor-element-populated\">\n\t\t\t\t\t\t<div class=\"elementor-element elementor-element-37fa35a position-static elementor-widget elementor-widget-html\" data-id=\"37fa35a\" data-element_type=\"widget\" data-widget_type=\"html.default\">\n\t\t\t\t<div class=\"elementor-widget-container\">\n\t\t\t\t\t<a href=\"tel:+16369729901\" class=\"play-btn\">\n            <i class=\"fas fa-phone\"><\/i>\n        <\/a>\t\t\t\t<\/div>\n\t\t\t\t<\/div>\n\t\t\t\t<div class=\"elementor-element elementor-element-2ef537f elementor-widget elementor-widget-dridesectiontitle\" data-id=\"2ef537f\" data-element_type=\"widget\" data-widget_type=\"dridesectiontitle.default\">\n\t\t\t\t<div class=\"elementor-widget-container\">\n\t\t\t\t\t<div class=\"title-area-wrap\"><div class=\"title-area\" ><h2 class=\"sub-title subtitle-selector\">506-110-275, 515-274-586 biuro@autoszkolalider.pl<\/h2><h2 class=\"sec-title title-selector\">\nNie zwlekaj pisz lub dzwo\u0144 <\/h2><\/div><\/div>\t\t\t\t<\/div>\n\t\t\t\t<\/div>\n\t\t\t\t<div class=\"elementor-element elementor-element-d344e7d elementor-widget__width-auto elementor-widget elementor-widget-dridegroupbutton\" data-id=\"d344e7d\" data-element_type=\"widget\" data-widget_type=\"dridegroupbutton.default\">\n\t\t\t\t<div class=\"elementor-widget-container\">\n\t\t\t\t\t<!-- Button --><div  class=\"btn-group justify-content-center\"><a href=\"https:\/\/www.autoszkolalider.pl\/index.php\/kontakt-2\/\" class=\"th-btn style3\">Pisz<i class=\"fas fa-arrow-right ms-2\"><\/i><\/a><a href=\"https:\/\/www.autoszkolalider.pl\/index.php\/kontakt-2\/\" class=\"th-btn style7\">Dzwo\u0144<i class=\"fas fa-arrow-right ms-2\"><\/i><\/a><\/div><!-- End Button -->\t\t\t\t<\/div>\n\t\t\t\t<\/div>\n\t\t\t\t\t<\/div>\n\t\t<\/div>\n\t\t\t\t\t<\/div>\n\t\t<\/section>\n\t\t\t\t<section class=\"elementor-section elementor-top-section elementor-element elementor-element-2995835 elementor-section-boxed elementor-section-height-default elementor-section-height-default\" data-id=\"2995835\" data-element_type=\"section\" data-settings=\"{&quot;background_background&quot;:&quot;classic&quot;}\">\n\t\t\t\t\t\t<div class=\"elementor-container elementor-column-gap-default\">\n\t\t\t\t\t<div class=\"elementor-column elementor-col-100 elementor-top-column elementor-element elementor-element-c66994a\" data-id=\"c66994a\" data-element_type=\"column\">\n\t\t\t<div class=\"elementor-widget-wrap\">\n\t\t\t\t\t\t\t<\/div>\n\t\t<\/div>\n\t\t\t\t\t<\/div>\n\t\t<\/section>\n\t\t\t\t<\/div>\n\t\t","protected":false},"excerpt":{"rendered":"<p>http:\/\/www.autoszkolalider.pl\/wp-content\/uploads\/2025\/01\/SchoolLider_3.mp4 Super Prawo Jazdy.pl Odwied\u017a nas na Facebooku. Kultowy serial &#8220;Nauka jazdy&#8221; z naszym udzia\u0142em w TVN Turbo https:\/\/www.autoszkolalider.pl\/wp-content\/uploads\/2025\/10\/InShot_20251014_220454109.mp4 Kurs na prawo jazdy od 17 lat ju\u017c od 3 marca Wystarcz\u0105 cztery kroki 01 Wybierz kurs Poziom kursu i twojego przygotowanie jest w twoich r\u0119kach. Ty wybierasz. 02 Skontaktuj si\u0119 z nami Zadzwo\u0144 lub napisz&#8230;<\/p>\n","protected":false},"author":1,"featured_media":0,"parent":0,"menu_order":0,"comment_status":"closed","ping_status":"closed","template":"","meta":{"om_disable_all_campaigns":false,"_monsterinsights_skip_tracking":false,"_monsterinsights_sitenote_active":false,"_monsterinsights_sitenote_note":"","_monsterinsights_sitenote_category":0,"_uf_show_specific_survey":0,"_uf_disable_surveys":false,"footnotes":""},"class_list":["post-43","page","type-page","status-publish","hentry"],"aioseo_notices":[],"_links":{"self":[{"href":"https:\/\/www.autoszkolalider.pl\/index.php\/wp-json\/wp\/v2\/pages\/43","targetHints":{"allow":["GET"]}}],"collection":[{"href":"https:\/\/www.autoszkolalider.pl\/index.php\/wp-json\/wp\/v2\/pages"}],"about":[{"href":"https:\/\/www.autoszkolalider.pl\/index.php\/wp-json\/wp\/v2\/types\/page"}],"author":[{"embeddable":true,"href":"https:\/\/www.autoszkolalider.pl\/index.php\/wp-json\/wp\/v2\/users\/1"}],"replies":[{"embeddable":true,"href":"https:\/\/www.autoszkolalider.pl\/index.php\/wp-json\/wp\/v2\/comments?post=43"}],"version-history":[{"count":260,"href":"https:\/\/www.autoszkolalider.pl\/index.php\/wp-json\/wp\/v2\/pages\/43\/revisions"}],"predecessor-version":[{"id":4449,"href":"https:\/\/www.autoszkolalider.pl\/index.php\/wp-json\/wp\/v2\/pages\/43\/revisions\/4449"}],"wp:attachment":[{"href":"https:\/\/www.autoszkolalider.pl\/index.php\/wp-json\/wp\/v2\/media?parent=43"}],"curies":[{"name":"wp","href":"https:\/\/api.w.org\/{rel}","templated":true}]}}